302002 - -10?
2000032302012
In base 6, what is 140005305 + -150?
140005115
In base 12, what is 2a87a85 - 5?
2a87a80
In base 6, what is 112314 - 533111?
-420353
In base 13, what is -18 - -85a21?
85a06
In base 2, what is 11000101001100110100 - -11?
11000101001100110111
In base 14, what is 4111 - -1a54?
5b65
In base 14, what is -187 - 10874?
-10a1b
In base 13, what is 4 + -3c3418a6?
-3c3418a2
In base 9, what is 283 - 353?
-60
In base 12, what is 159b02 + 109?
15a00b
In base 16, what is -1 - -2931b?
2931a
In base 3, what is -11220011121001 - 1?
-11220011121002
In base 4, what is -10213 + 3311312?
3301033
In base 5, what is 33 + 110121121?
110121204
In base 2, what is -101000011001110101100 + 10?
-101000011001110101010
In base 9, what is 11134 - 371?
10653
In base 7, what is 2 + 6644030?
6644032
In base 15, what is -24b8d + -19e?
-24d3c
In base 7, what is -5 + -35416146?
-35416154
In base 2, what is 101000 + 1011101001100001011000?
1011101001100010000000
In base 7, what is 13540542 + -46?
13540463
In base 14, what is -55a239 - -1?
-55a238
In base 13, what is -5c5192 - -34?
-5c515b
In base 4, what is 1031020320 + -213?
1031020101
In base 2, what is 100110011 + 1000101001001101001?
1000101001110011100
In base 15, what is 9b07c + -14d?
9ae2e
In base 15, what is -8ed - -6913?
6015
In base 5, what is -3 + 114343444004?
114343444001
In base 12, what is -5 + -a7b301?
-a7b306
In base 11, what is -9a763 - 2a5?
-9aa58
In base 3, what is -2102 + 212021210000?
212021200121
In base 11, what is 6503 + 5869a?
640a2
In base 11, what is -43667047 - -3?
-43667044
In base 2, what is -10000110101001100 - -10000110011?
-10000100100011001
In base 2, what is -1 - 100011110000101101001?
-100011110000101101010
In base 14, what is -d + -d929c4?
-d929d3
In base 11, what is -22 + -20a0710?
-20a0732
In base 8, what is 6 + -513315641?
-513315633
In base 13, what is 3b6993b - 4?
3b69937
In base 4, what is 1111 + 1303232131?
1303233302
In base 11, what is -3131 - 296?
-3417
In base 5, what is -1443 + -34113220?
-34120213
In base 15, what is 1951 + -3c257?
-3a806
In base 14, what is -514d42 - -2a?
-514d16
In base 12, what is -a2b53 + -84b?
-a37a2
In base 7, what is -2 + 212444530?
212444525
In base 9, what is 0 + -48848506?
-48848506
In base 10, what is 0 - 13063936?
-13063936
In base 15, what is -2455 + e5b?
-14e9
In base 11, what is -75 - -82a57a?
82a505
In base 13, what is 3397bc - 3?
3397b9
In base 5, what is -233 - 1024133140?
-1024133423
In base 10, what is 15 - -34017?
34032
In base 12, what is -ba39 - -1b61?
-9a98
In base 13, what is -b + -8ac950?
-8ac95b
In base 14, what is -742 - -147b9?
14077
In base 9, what is 135587780 - 10?
135587770
In base 16, what is 7 - -6aadb?
6aae2
In base 10, what is -27554 - 588?
-28142
In base 14, what is 2 + -12220699?
-12220697
In base 4, what is 3 - -333133222?
333133231
In base 12, what is 1 + -1841374b?
-1841374a
In base 2, what is 11101011010101111100101 + 10100?
11101011010101111111001
In base 16, what is -7 - bc6b5?
-bc6bc
In base 5, what is 42004233 + -123?
42004110
In base 2, what is 101010100001110111100101 + 1?
101010100001110111100110
In base 10, what is -41257 - 540?
-41797
In base 15, what is 3c5d + b0e?
486c
In base 15, what is 1a2 - 2910?
-275d
In base 5, what is -2 - -424031213?
424031211
In base 2, what is 11000001000100100100 - 110110?
11000001000011101110
In base 7, what is 12 + -53513546?
-53513534
In base 7, what is 40 - -366420?
366460
In base 5, what is -2130224 - 2131?
-2132410
In base 15, what is 0 + 269e211?
269e211
In base 11, what is 96945 - 39a2?
92a53
In base 9, what is 53114831 - 4?
53114826
In base 4, what is -10 - -301131032330?
301131032320
In base 5, what is 232121320 - 23?
232121242
In base 10, what is 41091262 - 4?
41091258
In base 4, what is 12 - -303311330?
303312002
In base 4, what is 112321301 + -2123?
112313112
In base 13, what is -6 + 9c8138c?
9c81386
In base 16, what is 2b - 16d6a?
-16d3f
In base 12, what is 4a + 3b5?
443
In base 9, what is 302 - -16041?
16343
In base 15, what is -1c71 + b180?
940e
In base 14, what is 2 + -27989?
-27987
In base 13, what is -c288 - -c08?
-b380
In base 9, what is -182266 + -66?
-182343
In base 15, what is 38e86d3 + d?
38e86e1
In base 13, what is 174 - -21b816?
21b98a
In base 7, what is -6046 - -4423?
-1323
In base 3, what is 110000000 - -112011202?
222011202
In base 8, what is -72 - 453247?
-453341
In base 6, what is -21133121355 + 1?
-21133121354
In base 2, what is -1 + 11001110110010100101000100?
11001110110010100101000011
In base 16, what is 23b3 - 33?
2380
In base 13, what is -13c861 + 9?
-13c855
In base 7, what is 11 - 104551415?
-104551404
In base 7, what is 5 + -20214304?
-20214266
In base 10, what is 5736 + 3970?
9706
In base 8, what is -6100 - 65552?
-73652
In base 7, what is 56130355 + 4?
56130362
In base 4, what is 2 + -101330113312?
-101330113310
In base 14, what is 4 - 36a502?
-36a4dc
In base 3, what is 22020 + -112120221020?
-112120122000
In base 7, what is 22 + 2322662?
2323014
In base 7, what is -2 - 25122056?
-25122061
In base 4, what is 132 + 2030301201?
2030301333
In base 7, what is -15 - -42463333?
42463315
In base 15, what is -1c65 + -18db?
-3651
In base 7, what is -4 - 4212150?
-4212154
In base 10, what is -15 + 104946?
104931
In base 16, what is 166 - -d94d5?
d963b
In base 12, what is -425b82 - 0?
-425b82
In base 12, what is 17435 - -894?
18109
In base 12, what is -8 - -1054104?
10540b8
In base 2, what is 101000 + -1000111011100101100111?
-1000111011100100111111
In base 16, what is 993b0e + -1?
993b0d
In base 6, what is 55 + -2115100535?
-2115100440
In base 2, what is 1011111 - -1111011111000100?
1111100000100011
In base 11, what is 286 - -322a0?
32576
In base 9, what is 5 - -5138774?
5138780
In base 2, what is -11101110111100000 - -100010011001?
-11101010101000111
In base 13, what is 3 + 205b363?
205b366
In base 7, what is -2205 - -26225?
24020
In base 10, what is 3 + 2806796?
2806799
In base 16, what is 2e4e - fc?
2d52
In base 11, what is 2 + 28777649?
28777650
In base 3, what is 21221 + -222011020100?
-222010221102
In base 14, what is -1094c2 - 64?
-109546
In base 2, what is -1000 - 111011111000011110100?
-111011111000011111100
In base 13, what is -3728050 + 35?
-3728018
In base 4, what is 13211 - -232102?
311313
In base 8, what is -1 - -7411336?
7411335
In base 2, what is 11010011011011110011 - -110001?
11010011011100100100
In base 3, what is 200021 - -210221000102?
210221200200
In base 11, what is 50a2086a1 + 2?
50a2086a3
In base 14, what is -6338c2 + -8?
-6338ca
In base 16, what is -3 + -399d46?
-399d49
In base 2, what is 1001100111 - -111110011110100?
111111101011011
In base 14, what is 41dc505 + 5?
41dc50a
In base 10, what is -3 + 154765169?
154765166
In base 10, what is 191 - -488581?
488772
In base 9, what is 3 - -2806040?
2806043
In base 16, what is 7d9 - -10d0?
18a9
In base 10, what is -27280 + -4562?
-31842
In base 8, what is -2516 + 164340?
161622
In base 7, what is -25 - -24162?
24134
In base 15, what is 55be088 + 3?
55be08b
In base 3, what is 20102120122210200 + -10?
20102120122210120
In base 11, what is -43803439 + a?
-4380342a
In base 9, what is 2163377 - 3?
2163374
In base 9, what is 777540 - -1?
777541
In base 12, what is 2 + -3b30015?
-3b30013
In base 3, what is -1100101212 + 2002101?
-1021022111
In base 11, what is -7072 - 4a2?
-7564
In base 3, what is 100211121211201212 - 10?
100211121211201202
In base 16, what is -9bb8 + -190?
-9d48
In base 7, what is -6634 - 21035?
-31002
In base 11, what is 1249419 - 0?
1249419
In base 13, what is -84c9 - 775?
-8c71
In base 2, what is 1001011111 + 1100101101010?
1101111001001
In base 5, what is 123114 - 212041?
-33422
In base 12, what is -3b + -1563702?
-1563741
In base 8, what is -24670 - -6473?
-16175
In base 15, what is -b20b07 - 5?
-b20b0c
In base 9, what is -770 + 543036?
542156
In base 6, what is -125125333 + -240?
-125130013
In base 5, what is -341 + -2214204024?
-2214204420
In base 15, what is c3984b - 4?
c39847
In base 5, what is 4 + 122040334010?
122040334014
In base 10, what is -65386 - 1073?
-66459
In base 3, what is -22102010210020 + -111?
-22102010210201
In base 5, what is 3324034431 - -4?
3324034440
In base 16, what is -1ac5 + -6627?
-80ec
In base 13, what is 637c